10)?
0
Let h(i) = i**3 - 4*i**2 - i + 9. What is h(4)?
5
Let z(n) = -2*n + 3. Determine z(3).
-3
Let z(l) = 3*l + 31. What is z(0)?
31
Let i(f) = -f**2 - 10*f - 30. Determine i(-6).
-6
Let y(c) = -2*c**3 - 5*c**2 - 4*c + 2. What is y(-4)?
66
Let b(h) = -2*h**2 - 11*h + 5. What is b(-13)?
-190
Let a(t) = -3*t**2 - 2*t + 14. Determine a(-6).
-82
Let j(d) = -d**2 - d - 18. Calculate j(0).
-18
Let n(g) = g**3 - 6*g**2 + 9*g - 4. What is n(6)?
50
Let a(s) = -8*s + 260. Calculate a(34).
-12
Let f(u) = u**2 + 30*u + 27. Give f(-29).
-2
Let p(o) = o**2 + 6*o + 37. Determine p(-6).
37
Let p(v) = 2*v - 1. Calculate p(-4).
-9
Let z(j) = j**2 + 11*j - 16. Give z(6).
86
Let y(q) = 3*q**3 - 12*q**2 + 4*q - 16. What is y(4)?
0
Let l(t) = t**2 + 4*t - 1. Calculate l(-2).
-5
Let q(v) = 2*v - 16. Give q(24).
32
Let k(b) = 4*b + 13. What is k(13)?
65
Let c(u) = -u**2 - 3*u + 6. Give c(-3).
6
Let m(s) = -4*s**2 + 195*s + 47. What is m(49)?
-2
Let y(h) = -3*h - 16. Give y(-6).
2
Let i(s) = 43*s - 467. What is i(11)?
6
Let n(a) = -3*a + 89. Determine n(29).
2
Let i(d) = -5*d + 10. Determine i(8).
-30
Let n(h) = 10*h + 13. Give n(3).
43
Let o(x) = x**3 - 16*x**2 + 27*x + 3. Calculate o(14).
-11
Let o(r) = 8*r + 6. Calculate o(-2).
-10
Let t(f) = 2*f**3 - f**2 - 2*f + 1. Calculate t(-2).
-15
Let z(s) = s**3 + 4*s**2 + 5*s + 1. What is z(-3)?
-5
Let o(l) = -8*l - 218. Calculate o(-25).
-18
Let z(y) = y + 28. Calculate z(-22).
6
Let a(y) = 15*y - 8. What is a(0)?
-8
Let f(z) = -37*z - 99. Determine f(-3).
12
Let n(a) = -a**3 + 11*a**2 + 14*a - 27. What is n(12)?
-3
Let x(g) = -g**3 - 4*g**2 + g - 5. Determine x(-5).
15
Let n(s) = s**3 - 21*s**2 + 17*s + 49. Give n(20).
-11
Let f(a) = -a**3 - 17*a**2 + 17*a - 36. What is f(-18)?
-18
Let g(c) = -2*c**2 - 9*c + 198. Determine g(8).
-2
Let v(k) = k**3 + 5*k**2 + 2*k + 14. Determine v(-4).
22
Let x(v) = -v**2 + 19*v + 71. What is x(22)?
5
Let o(l) = -l**3 + 4*l**2 - 3*l + 3. Give o(4).
-9
Let m(o) = -o**3 - 7*o**2 - 8*o - 11. Give m(-3).
-23
Let x(b) = -b**2 + 12*b - 8. Determine x(12).
-8
Let d(h) = h**3 + 13*h**2 + 30*h - 1. Determine d(-10).
-1
Let l(a) = -4*a**2 - 11*a - 5. Determine l(-2).
1
Let i(b) = -2*b**2 + 10*b + 5. Calculate i(7).
-23
Let r(u) = -u**2 + 16*u - 59. Determine r(9).
4
Let s(x) = 5*x**3 - x**2 + x + 1. Give s(2).
39
Let t(s) = -s**2 - 4*s + 2. What is t(-4)?
2
Let d(g) = -57*g + 54. Give d(1).
-3
Let r(q) = 4*q**2 - 31*q - 12. Determine r(8).
-4
Let o(f) = -12*f - 396. What is o(-32)?
-12
Let b(f) = -f**3 + 3*f**2 + 1. Calculate b(3).
1
Let o(k) = -47*k - 1. Calculate o(-1).
46
Let f(b) = -b**3 + 4*b**2 + 4*b + 6. What is f(6)?
-42
Let o(t) = t**3 + 13*t**2 + 29*t - 4. What is o(-4)?
24
Let u(r) = -r - 24. What is u(-16)?
-8
Let v(l) = -l**3 + 9*l**2 + 11*l - 30. Give v(10).
-20
Let b(c) = 2*c - 183. Calculate b(93).
3
Let s(o) = -o**3 + 9*o**2 - 6*o + 16. Determine s(9).
-38
Let u(c) = 7*c + 3. Give u(4).
31
Let u(t) = t**3 - 4*t**2 - t - 9. What is u(5)?
11
Let h(c) = -c**3 - 8*c**2 + 9*c - 14. Give h(-9).
-14
Let j(c) = -16*c + 82. Determine j(6).
-14
Let o(d) = d**3 - 7*d**2 - 3*d + 23. Give o(7).
2
Let b(n) = -6*n - 148. Determine b(-26).
8
Let w(x) = x**2 - x - 3. Calculate w(-3).
9
Let x(t) = t**3 + 5*t**2 - 10*t + 5. What is x(-6)?
29
Let f(o) = -o**2 - 5*o - 9. Give f(-4).
-5
Let m(z) = z**3 - 8*z**2 + 3*z + 5. Determine m(5).
-55
Let b(p) = 2*p**3 + 3*p**2 + 2*p - 2. Determine b(-2).
-10
Let f(j) = j**2 - 9*j + 14. Determine f(5).
-6
Let z(s) = s**3 - 13*s**2 - 15*s - 2. What is z(14)?
-16
Let d(g) = g**2 + 2*g - 5. Calculate d(-4).
3
Let f(l) = l**3 + 7*l**2 - 2*l - 2. Give f(-5).
58
Let w(y) = -21*y**2 + y - 2. Calculate w(1).
-22
Let j(m) = -m**2 - m + 7. Calculate j(4).
-13
Let d(k) = -2*k**3 - 2*k**2 - 1. What is d(2)?
-25
Let d(h) = 2*h - 3. Give d(3).
3
Let f(i) = -i - 5. What is f(2)?
-7
Let g(n) = 2*n + 23. Calculate g(-11).
1
Let o(l) = l**2 + 17*l + 3. What is o(-19)?
41
Let y(f) = 4*f**2 + 4*f - 3. What is y(-4)?
45
Let b(d) = -d**3 - 15*d**2 + 16*d + 14. Determine b(-16).
14
Let j(z) = z**2 + 8*z + 18. Give j(-6).
6
Let w(s) = -4*s + 109. Determine w(27).
1
Let n(k) = -k**3 - 11*k**2 - 22*k - 7. Calculate n(-9).
29
Let w(d) = 4*d**2 + 20*d - 14. Determine w(-6).
10
Let j(n) = n**2 - 2*n - 11. What is j(-3)?
4
Let s(d) = d**3 - 17*d**2 + 15*d + 15. Determine s(16).
-1
Let o(d) = -8*d + 16. Determine o(5).
-24
Let s(y) = -y**3 + 3*y**2 + y + 13. What is s(4)?
1
Let s(c) = -c**2 + 34*c - 130. Calculate s(5).
15
Let j(h) = 8*h + 242. Give j(-30).
2
Let l(v) = -3*v - 37. What is l(-14)?
5
Let l(h) = h**3 - 2*h**2 + 2*h + 13. Give l(0).
13
Let m(d) = d**2 + 9*d - 11. Determine m(-10).
-1
Let o(r) = 2*r**2 - 18*r + 14. Calculate o(8).
-2
Let v(w) = 126*w + 372. What is v(-3)?
-6
Let w(y) = -y**2 + 8*y + 4. Determine w(9).
-5
Let x(b) = 2*b**2 - 15*b - 16. Determine x(8).
-8
Let w(s) = -s**3 - 7*s**2 + 6*s - 5. Calculate w(-7).
-47
Let w(o) = -o**3 + 7*o**2 - 7*o - 2. What is w(6)?
-8
Let x(j) = -j**3 + 3*j**2 - j + 1. Give x(2).
3
Let b(x) = x**3 - 8*x**2 - 7*x - 16. Calculate b(9).
2
Let a(s) = -36*s**2 - 3*s - 2. Determine a(-1).
-35
Let g(o) = -o**2 - 5*o + 16. Calculate g(-6).
10
Let c(w) = w**3 + 2*w**2 - 22*w + 15. Determine c(-6).
3
Let o(j) = -3*j + 80. Calculate o(19).
23
Let z(r) = r**2 - 4*r - 6. Calculate z(3).
-9
Let o(j) = 2*j**2 - 5*j - 2. What is o(-4)?
50
Let v(u) = -u**3 - 15*u**2 - 13*u + 17. What is v(-14)?
3
Let y(t) = -5*t + 4. What is y(0)?
4
Let q(v) = v**2 + 6*v - 5. Calculate q(-7).
2
Let k(p) = -8*p**3 + p**2 + 2*p - 15. Give k(3).
-216
Let y(r) = -r**3 - 9*r**2 - 4*r + 31. Give y(-8).
-1
Let t(j) = 2*j**2 - 19*j + 26. What is t(10)?
36
Let a(d) = d + 10. What is a(-13)?
-3
Let k(w) = w**2 + 2*w - 4. Determine k(0).
-4
Let o(c) = -c**3 + c**2 + 4*c + 4. Determine o(4).
-28
Let j(d) = -3*d**3 - 35*d**2 - 23*d - 7. What is j(-11)?
4
Let t(u) = 3*u - 66. Determine t(21).
-3
Let b(t) = t**2 - 10. Calculate b(0).
-10
Let j(n) = -n**3 - 2*n**2 + 49. Give j(0).
49
Let n(q) = -q**2 - 11*q - 2. What is n(-13)?
-28
Let x(w) = w**3 + 10*w**2 + 9*w - 12. Calculate x(-9).
-12
Let r(q) = -q**3 - 7*q**2 - 6*q - 13. Give r(-7).
29
Let v(u) = u**2 - 2*u - 5. What is v(6)?
19
Let y(q) = -3*q**3 - 3*q**2 - 2*q - 2. Calculate y(-2).
14
Let t(o) = 2*o**2 + o - 2. What is t(3)?
19
Let h(j) = -j**3 + 7*j**2 + 2*j + 4. Give h(6).
52
Let o(y) = -y + 17. Give o(11).
6
Let h(n) = n + 26. Give h(-18).
8
Let o(z) = -2*z**2 - 2. Determine o(-4).
-34
Let y(q) = -q**2 - 8*q - 25. Give y(-7).
-18
Let r(y) = 15*y - 2. Give r(1).
13
Let b(m) = -m**2 - 39. What is b(0)?
-39
Let v(f) = -f**3 + 15*f**2 - 53*f - 6. Calculate v(9).
3
Let d(w) = -w**3 - w**2 - w + 57. What is d(0)?
57
Let a(n) = -n**3 - 3*n**2 + 2*n - 14. Give a(0).
-14
Let g(c) = c**3 + 10*c**2 + 6*c + 4. Determine g(-8).
84
Let f(z) = -z**3 + 8*z**2 + 6*z + 15. Determine f(9).
-12
Let o(p) = -p**3 + 7*p**2 - 3*p - 10. Give o(7).
-31
Let z(f) = -6*f + 55. Give z(5).
25
Let h(g) = g**2 - 15*g + 23. Calculate h(13).
-3
Let n(q) = -q**3 - 4*q**2 - 3*q - 11. Give n(-4).
1
Let g(d) = 3*d**2 - 14*d + 17. Give g(5).
22
Let q(s) = s**3 - 11*s**2 + 10*s - 1. Calculate q(10).
-1
Let q(d) = d**2 - 8. Determine q(4).
8
Let r(a) = a - 21. What is r(7)?
-14
Let s(y) = -y**3 - 7*y**2 - 4*y + 3. Determine s(-5).
-27
Let d(s) = -2*s**2. Give d(-1).
-2
Let c(k) = 2*k**2 + 9*k + 12. What is c(-5)?
17
Let m(n) = n**3 - 18*n**2 - 44. Calculate m(18).
-44
Let f(p) = -17*p - 123. Give f(-7).
-4
Let n(y) = -y**2 + y + 32. Determine n(-7).
-24
Let f(u) = 3*u**3 - 10*u**2 + 3*u - 5. Give f(3).
-5
Let w(h) = -h**3 + 14*h**2 + 40*h - 40. Determine w(16).
88
Let k(r) = -r**3 - 8*r**2 + 4*r - 12. Calculate k(-8).
-44
Let b(u) = -2*u**2 - 27*u - 11. Determine b(-13).
2
Let w(l) = -l**3 - 4*l**2 + 3*l + 2. Calculate w(-4).
-10
Let d(k) = k**3 - 7*k**2 + 13*k - 4. Determine d(6).
38
Let p(i) = -i**3 + 9*i**2 + 3*i - 17. Determine p(9).
10
Let c(v) = -v**2 + v - 3. Give c(-3).
-15
Let u(s) = -7*s + 75. Give u(12).
-9
Let o(n) = n**2 + 12*n + 1. Calculate o(-11).
-10
Let g(a) = -2*a**3 - a**2 - 3. Calculate g(-2).
9
Let m(s) = -s**2 - s - 10. Calculate m(0).
-10
Let z(d) = -5*d + 1. Determine z(-1).
6
Let s(b) = -12*b - 93. Calculate s(-8).
3
Let j(t) = -t**2